{"id":140,"date":"2020-05-11T08:01:45","date_gmt":"2020-05-11T08:01:45","guid":{"rendered":"https:\/\/kingschild.ch\/?page_id=140"},"modified":"2020-05-15T17:39:28","modified_gmt":"2020-05-15T17:39:28","slug":"buch-kings-child-die-geschichte-eines-dealers-suchtpraevention-fuer-schulen-einsaetze-in-schulen","status":"publish","type":"page","link":"https:\/\/kingschild.ch\/","title":{"rendered":"King&#8217;s Child"},"content":{"rendered":"<p style=\"text-align: center;\"><span style=\"font-size: 18pt;\"><span style=\"color: #0000ff;\">Eine pr\u00e4ventive Diskussionsgrundlage f\u00fcr Jugendliche, Erwachsene, Schule und Politik.<\/span><\/span><\/p>\n<p style=\"text-align: center;\"><span style=\"color: #000000;\"><strong><span style=\"font-size: x-large;\">Herzlich Willkommen auf der Homepage zum Buch!!<\/span><\/strong><\/span><\/p>\n<p>&nbsp;<\/p>\n<p><img fetchpriority=\"high\" decoding=\"async\" class=\"aligncenter wp-image-37 \" src=\"https:\/\/kingschild.ch\/wp-content\/uploads\/2020\/05\/Cover-Buch-225x300.jpg\" alt=\"\" width=\"386\" height=\"515\" srcset=\"https:\/\/kingschild.ch\/wp-content\/uploads\/2020\/05\/Cover-Buch-225x300.jpg 225w, https:\/\/kingschild.ch\/wp-content\/uploads\/2020\/05\/Cover-Buch.jpg 375w\" sizes=\"(max-width: 386px) 100vw, 386px\" \/><\/p>\n<p>&nbsp;<\/p>\n<table style=\"width: 100%; border-collapse: collapse; border-style: double;\">\n<tbody>\n<tr>\n<td style=\"width: 100%; text-align: center;\">\n<h2 style=\"text-align: center;\"><span style=\"font-size: 14pt; color: #0000ff;\">JOH. 8:36\u00a0\u00a0SO EUCH NUN DER SOHN FREI MACHT SEID IHR RECHT FREI!<\/span><\/h2>\n<\/td>\n<\/tr>\n<\/tbody>\n<\/table>\n<p>&nbsp;<\/p>\n<p style=\"text-align: center;\"><span style=\"font-size: 14pt; color: #000000;\">Aspekte wieso Dealer es immer wieder schaffen Menschen in die Abh\u00e4ngigkeit\u00a0<\/span><\/p>\n<p style=\"text-align: center;\"><span style=\"font-size: 14pt; color: #000000;\">zu f\u00fchren und weshalb Sozialarbeit, Politik und Wissenschaft oft das nachsehen\u00a0<\/span><\/p>\n<p style=\"text-align: center;\"><span style=\"font-size: 14pt; color: #000000;\">haben werden aufgezeigt. Denkanst\u00f6sse um ausweglose Situationen anzugehen\u00a0<\/span><\/p>\n<p style=\"text-align: center;\"><span style=\"font-size: 14pt; color: #000000;\">\u00f6ffnet dieses Buch auch f\u00fcr Menschen ausserhalb der Suchtproblematik.\u00a0<\/span><\/p>\n<p style=\"text-align: center;\"><span style=\"font-size: 14pt; color: #000000;\">Der Selbstzynismus und die spannende Geschichte des Autors lockert so,\u00a0<\/span><\/p>\n<p style=\"text-align: center;\"><span style=\"font-size: 14pt; color: #000000;\">das Jung und Alt Freude daran finden sich mit ernsthaften\u00a0<\/span><\/p>\n<p style=\"text-align: center;\"><span style=\"font-size: 14pt; color: #000000;\">Themen zu besch\u00e4ftigen.<\/span><\/p>\n<p style=\"text-align: center;\"><span style=\"font-size: 14pt; color: #000000;\">Eine pr\u00e4ventive Diskussionsgrundlage f\u00fcr Jugendliche,\u00a0<\/span><\/p>\n<p style=\"text-align: center;\"><span style=\"font-size: 14pt; color: #000000;\">Erwachsene, Schule und Politik.<\/span><\/p>\n<p>&nbsp;<\/p>\n<p style=\"font-weight: 400; text-align: center;\"><span style=\"font-size: 18pt; color: #000000;\">Inhalt:<\/span><\/p>\n<p style=\"font-weight: 400; text-align: center;\"><span style=\"font-size: 18pt; color: #000000;\">King\u2019s Child<\/span><\/p>\n<p style=\"font-weight: 400; text-align: center;\"><span style=\"font-size: 14pt; color: #000000;\">Dieses Buch ist die Geschichte von mir, einem Ex-Dealer, der selbst Jahre<\/span><\/p>\n<p style=\"font-weight: 400; text-align: center;\"><span style=\"font-size: 14pt; color: #000000;\">\u00a0im Drogensumpf verbrachte und dadurch mithalf, viele Menschen ins Elend zu f\u00fchren.<\/span><\/p>\n<p style=\"font-weight: 400; text-align: center;\"><span style=\"font-size: 14pt; color: #000000;\">\u00a0Einer, der von sich sagt, er sei nicht mehr s\u00fcchtig. Mit ein wenig Selbstzynismus\u00a0<\/span><\/p>\n<p style=\"font-weight: 400; text-align: center;\"><span style=\"font-size: 14pt; color: #000000;\">schreibe ich \u00fcber einen Glauben, der mich fast das eigene Leben kostete.\u00a0<\/span><\/p>\n<p style=\"font-weight: 400; text-align: center;\"><span style=\"font-size: 14pt; color: #000000;\">Dieses Buch beinhaltet Aspekte der Suchtpr\u00e4vention und soll zu breiten\u00a0<\/span><\/p>\n<p style=\"font-weight: 400; text-align: center;\"><span style=\"font-size: 14pt; color: #000000;\">Diskussionen\u00a0in Schule, Elternhaus und Politik anregen, um die Thematik\u00a0<\/span><\/p>\n<p style=\"font-weight: 400; text-align: center;\"><span style=\"font-size: 14pt; color: #000000;\">ein wenig aus einer\u00a0gr\u00f6sseren Perspektive heraus zu betrachten.<\/span><\/p>\n<p style=\"font-weight: 400; text-align: center;\"><span style=\"font-size: 14pt; color: #000000;\">Da AIDS einen Teil meines Lebens pr\u00e4gte, m\u00f6chte ich allen einen kleinen\u00a0<\/span><\/p>\n<p style=\"font-weight: 400; text-align: center;\"><span style=\"font-size: 14pt; color: #000000;\">Einblick geben, was es f\u00fcr einen Menschen bedeuten kann, wenn er\u00a0<\/span><\/p>\n<p style=\"font-weight: 400; text-align: center;\"><span style=\"font-size: 14pt; color: #000000;\">sich mitdieser Krankheit konfrontiert sieht.<\/span><\/p>\n<p style=\"font-weight: 400; text-align: center;\"><span style=\"font-size: 14pt; color: #000000;\">Zudem werde ich kurz auf Ereignisse eingehen, die zum Nachdenken anregen.<\/span><\/p>\n<p style=\"font-weight: 400; text-align: center;\"><span style=\"font-size: 14pt; color: #000000;\">Ob du nun zum Nachdenken inspiriert wirst, kannst du, lieber Leser oder liebe\u00a0<\/span><\/p>\n<p style=\"font-weight: 400; text-align: center;\"><span style=\"font-size: 14pt; color: #000000;\">Leserin, erst beantworten, wenn du dir die Zeit nimmst, dieses Buch in Ruhe zu\u00a0<\/span><\/p>\n<p style=\"font-weight: 400; text-align: center;\"><span style=\"font-size: 14pt; color: #000000;\">lesen.\u00a0Dann kannst du diese Frage mit Ja oder Nein beantworten. Dies ist eine\u00a0<\/span><\/p>\n<p style=\"font-weight: 400; text-align: center;\"><span style=\"font-size: 14pt; color: #000000;\">Realit\u00e4t, an\u00a0der du und kein anderer Mensch vorbeikommt. Dies ist eine\u00a0<\/span><\/p>\n<p style=\"font-weight: 400; text-align: center;\"><span style=\"font-size: 14pt; color: #000000;\">absolute\u00a0<strong>Wahrheit und Realit\u00e4t<\/strong>.\u00a0Ob es in diesem Buch noch mehr\u00a0<\/span><\/p>\n<p style=\"font-weight: 400; text-align: center;\"><span style=\"font-size: 14pt; color: #000000;\">Realit\u00e4ten oder nur Tr\u00e4umereien gibt,\u00a0gilt es herauszufinden.<\/span><\/p>\n<p style=\"font-weight: 400; text-align: center;\"><span style=\"font-size: 14pt; color: #000000;\">King\u2019s Child ist das Pseudonym, unter dem dieses Buch geschrieben wurde.<\/span><\/p>\n<p style=\"font-weight: 400; text-align: center;\"><span style=\"font-size: 14pt; color: #000000;\">\u00a0Der Autor lebt heute seit mehr als dreissig Jahren drogenfrei und ist selbst Vater<\/span><\/p>\n<p style=\"font-weight: 400; text-align: center;\"><span style=\"font-size: 14pt; color: #000000;\">von zwei erwachsenen Kindern.<\/span><\/p>\n<p style=\"text-align: center;\">\n","protected":false},"excerpt":{"rendered":"<p>Eine pr\u00e4ventive Diskussionsgrundlage f\u00fcr Jugendliche, Erwachsene, Schule und Politik. Herzlich Willkommen auf der Homepage zum Buch!! &nbsp; &nbsp; JOH. 8:36\u00a0\u00a0SO EUCH NUN DER SOHN FREI MACHT SEID IHR RECHT FREI! &nbsp; Aspekte wieso Dealer es immer wieder schaffen Menschen in die Abh\u00e4ngigkeit\u00a0 zu f\u00fchren und weshalb Sozialarbeit, Politik und Wissenschaft oft das nachsehen\u00a0 haben werden aufgezeigt. Denkanst\u00f6sse um ausweglose Situationen anzugehen\u00a0 \u00f6ffnet dieses Buch auch f\u00fcr Menschen ausserhalb der Suchtproblematik.\u00a0 Der Selbstzynismus und die spannende Geschichte des Autors lockert so,\u00a0 das Jung und Alt Freude daran finden sich mit ernsthaften\u00a0 Themen zu besch\u00e4ftigen. Eine pr\u00e4ventive Diskussionsgrundlage f\u00fcr Jugendliche,\u00a0 Erwachsene, Schule und Politik. &nbsp; Inhalt: King\u2019s Child Dieses Buch ist die Geschichte von mir, einem Ex-Dealer, der selbst Jahre \u00a0im Drogensumpf verbrachte und dadurch mithalf, viele Menschen ins Elend zu f\u00fchren. \u00a0Einer, der von sich sagt, er sei nicht mehr s\u00fcchtig. Mit ein wenig Selbstzynismus\u00a0 schreibe ich \u00fcber einen Glauben, der&hellip;<\/p>\n<p> <a class=\"more-link\" href=\"https:\/\/kingschild.ch\/\">Weiterlesen<\/a><\/p>\n","protected":false},"author":1,"featured_media":32,"parent":0,"menu_order":0,"comment_status":"closed","ping_status":"closed","template":"","meta":{"footnotes":""},"class_list":["post-140","page","type-page","status-publish","has-post-thumbnail"],"yoast_head":"<!-- This site is optimized with the Yoast SEO plugin v27.4 - https:\/\/yoast.com\/product\/yoast-seo-wordpress\/ -->\n<title>King&#039;s Child - King&#039;s Child King&#039;s Child King&#039;s Child<\/title>\n<meta name=\"description\" content=\"Buch King&#039;s Child die Geschichte eines Dealers. Suchtpr\u00e4vention f\u00fcr Schulen. Work Shops in Schulen. King&#039;s Child King&#039;s Child\" \/>\n<meta name=\"robots\" content=\"index, follow, max-snippet:-1, max-image-preview:large, max-video-preview:-1\" \/>\n<link rel=\"canonical\" href=\"https:\/\/kingschild.ch\/\" \/>\n<meta property=\"og:locale\" content=\"de_DE\" \/>\n<meta property=\"og:type\" content=\"article\" \/>\n<meta property=\"og:title\" content=\"King&#039;s Child - King&#039;s Child King&#039;s Child King&#039;s Child\" \/>\n<meta property=\"og:description\" content=\"Buch King&#039;s Child die Geschichte eines Dealers. Suchtpr\u00e4vention f\u00fcr Schulen. Work Shops in Schulen. King&#039;s Child King&#039;s Child\" \/>\n<meta property=\"og:url\" content=\"https:\/\/kingschild.ch\/\" \/>\n<meta property=\"og:site_name\" content=\"King&#039;s Child\" \/>\n<meta property=\"article:modified_time\" content=\"2020-05-15T17:39:28+00:00\" \/>\n<meta property=\"og:image\" content=\"https:\/\/kingschild.ch\/wp-content\/uploads\/2020\/05\/panorama-1993645_1280.jpg\" \/>\n\t<meta property=\"og:image:width\" content=\"1280\" \/>\n\t<meta property=\"og:image:height\" content=\"737\" \/>\n\t<meta property=\"og:image:type\" content=\"image\/jpeg\" \/>\n<meta name=\"twitter:card\" content=\"summary_large_image\" \/>\n<meta name=\"twitter:label1\" content=\"Gesch\u00e4tzte Lesezeit\" \/>\n\t<meta name=\"twitter:data1\" content=\"2\u00a0Minuten\" \/>\n<script type=\"application\/ld+json\" class=\"yoast-schema-graph\">{\"@context\":\"https:\\\/\\\/schema.org\",\"@graph\":[{\"@type\":\"WebPage\",\"@id\":\"https:\\\/\\\/kingschild.ch\\\/\",\"url\":\"https:\\\/\\\/kingschild.ch\\\/\",\"name\":\"King's Child - King&#039;s Child King's Child King&#039;s Child\",\"isPartOf\":{\"@id\":\"https:\\\/\\\/kingschild.ch\\\/#website\"},\"primaryImageOfPage\":{\"@id\":\"https:\\\/\\\/kingschild.ch\\\/#primaryimage\"},\"image\":{\"@id\":\"https:\\\/\\\/kingschild.ch\\\/#primaryimage\"},\"thumbnailUrl\":\"https:\\\/\\\/kingschild.ch\\\/wp-content\\\/uploads\\\/2020\\\/05\\\/panorama-1993645_1280.jpg\",\"datePublished\":\"2020-05-11T08:01:45+00:00\",\"dateModified\":\"2020-05-15T17:39:28+00:00\",\"description\":\"Buch King's Child die Geschichte eines Dealers. Suchtpr\u00e4vention f\u00fcr Schulen. Work Shops in Schulen. King&#039;s Child King's Child\",\"breadcrumb\":{\"@id\":\"https:\\\/\\\/kingschild.ch\\\/#breadcrumb\"},\"inLanguage\":\"de\",\"potentialAction\":[{\"@type\":\"ReadAction\",\"target\":[\"https:\\\/\\\/kingschild.ch\\\/\"]}]},{\"@type\":\"ImageObject\",\"inLanguage\":\"de\",\"@id\":\"https:\\\/\\\/kingschild.ch\\\/#primaryimage\",\"url\":\"https:\\\/\\\/kingschild.ch\\\/wp-content\\\/uploads\\\/2020\\\/05\\\/panorama-1993645_1280.jpg\",\"contentUrl\":\"https:\\\/\\\/kingschild.ch\\\/wp-content\\\/uploads\\\/2020\\\/05\\\/panorama-1993645_1280.jpg\",\"width\":1280,\"height\":737},{\"@type\":\"BreadcrumbList\",\"@id\":\"https:\\\/\\\/kingschild.ch\\\/#breadcrumb\",\"itemListElement\":[{\"@type\":\"ListItem\",\"position\":1,\"name\":\"Home\",\"item\":\"https:\\\/\\\/kingschild.ch\\\/\"},{\"@type\":\"ListItem\",\"position\":2,\"name\":\"King&#8217;s Child\"}]},{\"@type\":\"WebSite\",\"@id\":\"https:\\\/\\\/kingschild.ch\\\/#website\",\"url\":\"https:\\\/\\\/kingschild.ch\\\/\",\"name\":\"King&#039;s Child\",\"description\":\"Buch King&#039;s Child\",\"potentialAction\":[{\"@type\":\"SearchAction\",\"target\":{\"@type\":\"EntryPoint\",\"urlTemplate\":\"https:\\\/\\\/kingschild.ch\\\/?s={search_term_string}\"},\"query-input\":{\"@type\":\"PropertyValueSpecification\",\"valueRequired\":true,\"valueName\":\"search_term_string\"}}],\"inLanguage\":\"de\"}]}<\/script>\n<!-- \/ Yoast SEO plugin. -->","yoast_head_json":{"title":"King's Child - King&#039;s Child King's Child King&#039;s Child","description":"Buch King's Child die Geschichte eines Dealers. Suchtpr\u00e4vention f\u00fcr Schulen. Work Shops in Schulen. King&#039;s Child King's Child","robots":{"index":"index","follow":"follow","max-snippet":"max-snippet:-1","max-image-preview":"max-image-preview:large","max-video-preview":"max-video-preview:-1"},"canonical":"https:\/\/kingschild.ch\/","og_locale":"de_DE","og_type":"article","og_title":"King's Child - King&#039;s Child King's Child King&#039;s Child","og_description":"Buch King's Child die Geschichte eines Dealers. Suchtpr\u00e4vention f\u00fcr Schulen. Work Shops in Schulen. King&#039;s Child King's Child","og_url":"https:\/\/kingschild.ch\/","og_site_name":"King&#039;s Child","article_modified_time":"2020-05-15T17:39:28+00:00","og_image":[{"width":1280,"height":737,"url":"https:\/\/kingschild.ch\/wp-content\/uploads\/2020\/05\/panorama-1993645_1280.jpg","type":"image\/jpeg"}],"twitter_card":"summary_large_image","twitter_misc":{"Gesch\u00e4tzte Lesezeit":"2\u00a0Minuten"},"schema":{"@context":"https:\/\/schema.org","@graph":[{"@type":"WebPage","@id":"https:\/\/kingschild.ch\/","url":"https:\/\/kingschild.ch\/","name":"King's Child - King&#039;s Child King's Child King&#039;s Child","isPartOf":{"@id":"https:\/\/kingschild.ch\/#website"},"primaryImageOfPage":{"@id":"https:\/\/kingschild.ch\/#primaryimage"},"image":{"@id":"https:\/\/kingschild.ch\/#primaryimage"},"thumbnailUrl":"https:\/\/kingschild.ch\/wp-content\/uploads\/2020\/05\/panorama-1993645_1280.jpg","datePublished":"2020-05-11T08:01:45+00:00","dateModified":"2020-05-15T17:39:28+00:00","description":"Buch King's Child die Geschichte eines Dealers. Suchtpr\u00e4vention f\u00fcr Schulen. Work Shops in Schulen. King&#039;s Child King's Child","breadcrumb":{"@id":"https:\/\/kingschild.ch\/#breadcrumb"},"inLanguage":"de","potentialAction":[{"@type":"ReadAction","target":["https:\/\/kingschild.ch\/"]}]},{"@type":"ImageObject","inLanguage":"de","@id":"https:\/\/kingschild.ch\/#primaryimage","url":"https:\/\/kingschild.ch\/wp-content\/uploads\/2020\/05\/panorama-1993645_1280.jpg","contentUrl":"https:\/\/kingschild.ch\/wp-content\/uploads\/2020\/05\/panorama-1993645_1280.jpg","width":1280,"height":737},{"@type":"BreadcrumbList","@id":"https:\/\/kingschild.ch\/#breadcrumb","itemListElement":[{"@type":"ListItem","position":1,"name":"Home","item":"https:\/\/kingschild.ch\/"},{"@type":"ListItem","position":2,"name":"King&#8217;s Child"}]},{"@type":"WebSite","@id":"https:\/\/kingschild.ch\/#website","url":"https:\/\/kingschild.ch\/","name":"King&#039;s Child","description":"Buch King&#039;s Child","potentialAction":[{"@type":"SearchAction","target":{"@type":"EntryPoint","urlTemplate":"https:\/\/kingschild.ch\/?s={search_term_string}"},"query-input":{"@type":"PropertyValueSpecification","valueRequired":true,"valueName":"search_term_string"}}],"inLanguage":"de"}]}},"_links":{"self":[{"href":"https:\/\/kingschild.ch\/index.php\/wp-json\/wp\/v2\/pages\/140","targetHints":{"allow":["GET"]}}],"collection":[{"href":"https:\/\/kingschild.ch\/index.php\/wp-json\/wp\/v2\/pages"}],"about":[{"href":"https:\/\/kingschild.ch\/index.php\/wp-json\/wp\/v2\/types\/page"}],"author":[{"embeddable":true,"href":"https:\/\/kingschild.ch\/index.php\/wp-json\/wp\/v2\/users\/1"}],"replies":[{"embeddable":true,"href":"https:\/\/kingschild.ch\/index.php\/wp-json\/wp\/v2\/comments?post=140"}],"version-history":[{"count":19,"href":"https:\/\/kingschild.ch\/index.php\/wp-json\/wp\/v2\/pages\/140\/revisions"}],"predecessor-version":[{"id":165,"href":"https:\/\/kingschild.ch\/index.php\/wp-json\/wp\/v2\/pages\/140\/revisions\/165"}],"wp:featuredmedia":[{"embeddable":true,"href":"https:\/\/kingschild.ch\/index.php\/wp-json\/wp\/v2\/media\/32"}],"wp:attachment":[{"href":"https:\/\/kingschild.ch\/index.php\/wp-json\/wp\/v2\/media?parent=140"}],"curies":[{"name":"wp","href":"https:\/\/api.w.org\/{rel}","templated":true}]}}